{"id":76,"date":"2019-08-20T09:17:02","date_gmt":"2019-08-20T07:17:02","guid":{"rendered":"http:\/\/www.novatris-dev.uha.fr\/?page_id=76"},"modified":"2022-10-13T13:36:58","modified_gmt":"2022-10-13T11:36:58","slug":"journees-novatris","status":"publish","type":"page","link":"http:\/\/www.novatris.uha.fr\/index.php\/novatris\/journees-novatris\/","title":{"rendered":"Journ\u00e9es NovaTris"},"content":{"rendered":"<p>Les Journ\u00e9es NovaTris sont organis\u00e9es chaque ann\u00e9e depuis 2013 \u00e0 l&rsquo;<a href=\"http:\/\/www.uha.fr\/\" target=\"_blank\" rel=\"noopener noreferrer\">Universit\u00e9 de Haute-Alsace<\/a> (UHA) et <strong>r\u00e9unissent un large public autour de th\u00e9matiques li\u00e9es \u00e0 l&rsquo;interculturalit\u00e9<\/strong>.<\/p>\n<p>Elles ont pour but de faire d\u00e9couvrir \u00e0 tous (\u00e9tudiants, alumnis, personnels des universit\u00e9s, monde \u00e9conomique et soci\u00e9t\u00e9 civile) les divers champs d&rsquo;action de NovaTris et de permettre des moments de rencontre et d&rsquo;\u00e9change. Le programme des Journ\u00e9es NovaTris comprend des <strong>ateliers, conf\u00e9rences, rencontres, d\u00e9bats et spectacles<\/strong>, et se renouvelle chaque ann\u00e9e.<\/p>\n<h2><strong>\u00c9ditions pr\u00e9c\u00e9dentes<\/strong><\/h2>\n<div class=\"su-row\"><div class=\"su-column su-column-size-1-2\"><div class=\"su-column-inner su-u-clearfix su-u-trim\">\n<div class=\"su-service\"><div class=\"su-service-title\" style=\"padding-left:46px;min-height:32px;line-height:32px\"><i class=\"sui sui-calendar\" style=\"font-size:32px;color:#333\"><\/i> Journ\u00e9e NovaTris 2022<\/div><div class=\"su-service-content su-u-clearfix su-u-trim\" style=\"padding-left:46px\"><strong>9<sup>e<\/sup> \u00e9dition<\/strong><br \/>\n<a href=\"https:\/\/www.novatris.uha.fr\/index.php\/retour-sur-les-journees-interculturalites-au-service-des-transitions\/\" target=\"_blank\" rel=\"noopener noreferrer\">En savoir plus &#8211; Journ\u00e9e NovaTris 2022<\/a><\/div><\/div>\n<div class=\"su-custom-gallery su-custom-gallery-align-left su-custom-gallery-title-hover su-lightbox-gallery\"><div class=\"su-custom-gallery-slide\" style=\"width:320px;height:180px\"><a href=\"http:\/\/www.novatris.uha.fr\/wp-content\/uploads\/2022\/04\/Newletter_uhaJNTCI2022-scaled.jpg\" target=\"_blank\" title=\"Visuel Journ\u00e9es Interculturalit\u00e9s 2022\"><img loading=\"lazy\" decoding=\"async\" src=\"http:\/\/www.novatris.uha.fr\/wp-content\/uploads\/2022\/04\/Newletter_uhaJNTCI2022-scaled.jpg\" alt=\"Visuel Journ\u00e9es Interculturalit\u00e9s 2022\" width=\"320\" height=\"180\" \/><span class=\"su-custom-gallery-title\">Visuel Journ\u00e9es Interculturalit\u00e9s 2022<\/span><\/a><\/div><div class=\"su-clear\"><\/div><\/div>\n<\/div><\/div>\n<div class=\"su-column su-column-size-1-2\"><div class=\"su-column-inner su-u-clearfix su-u-trim\">\n<div class=\"su-service\"><div class=\"su-service-title\" style=\"padding-left:46px;min-height:32px;line-height:32px\"><i class=\"sui sui-calendar\" style=\"font-size:32px;color:#333\"><\/i> Journ\u00e9e NovaTris 2021<\/div><div class=\"su-service-content su-u-clearfix su-u-trim\" style=\"padding-left:46px\"><strong>8<sup>e<\/sup> \u00e9dition<\/strong><br \/>\n<a href=\"https:\/\/www.novatris.uha.fr\/index.php\/retour-sur-les-journees-novatris-2021\/\" target=\"_blank\" rel=\"noopener noreferrer\">En savoir plus &#8211; Journ\u00e9e NovaTris 2021<\/a><\/div><\/div>\n<div class=\"su-custom-gallery su-custom-gallery-align-left su-custom-gallery-title-never su-lightbox-gallery\"><div class=\"su-custom-gallery-slide\" style=\"width:320px;height:240px\"><a href=\"http:\/\/www.novatris.uha.fr\/wp-content\/uploads\/2021\/05\/JNT2021_affiche_PDF_V2_Bis.jpg\" target=\"_blank\" title=\"JNT2021_affiche_PDF_V2_Bis\"><img loading=\"lazy\" decoding=\"async\" src=\"http:\/\/www.novatris.uha.fr\/wp-content\/uploads\/2021\/05\/JNT2021_affiche_PDF_V2_Bis-320x240.jpg\" alt=\"JNT2021_affiche_PDF_V2_Bis\" width=\"320\" height=\"240\" \/><span class=\"su-custom-gallery-title\">JNT2021_affiche_PDF_V2_Bis<\/span><\/a><\/div><div class=\"su-clear\"><\/div><\/div>\n<\/div><\/div><\/div>\n<div class=\"su-row\"><div class=\"su-column su-column-size-1-2\"><div class=\"su-column-inner su-u-clearfix su-u-trim\">\n<div class=\"su-service\"><div class=\"su-service-title\" style=\"padding-left:46px;min-height:32px;line-height:32px\"><i class=\"sui sui-calendar\" style=\"font-size:32px;color:#333\"><\/i> Journ\u00e9e NovaTris 2020<\/div><div class=\"su-service-content su-u-clearfix su-u-trim\" style=\"padding-left:46px\"><strong>Interculturalit\u00e9s<\/strong><br \/>\n<a href=\"http:\/\/www.novatris.uha.fr\/index.php\/retour-sur-journee-novatris-2020\" target=\"_blank\" rel=\"noopener noreferrer\">En savoir plus &#8211; Journ\u00e9e NovaTris 2020<\/a><\/div><\/div>\n<div class=\"su-custom-gallery su-custom-gallery-align-left su-custom-gallery-title-hover su-lightbox-gallery\"><div class=\"su-custom-gallery-slide\" style=\"width:320px;height:280px\"><a href=\"http:\/\/www.novatris.uha.fr\/wp-content\/uploads\/2020\/10\/IMG_9657-scaled.jpg\" target=\"_blank\" title=\"Galerie Journ\u00e9e NovaTris 2020\"><img loading=\"lazy\" decoding=\"async\" src=\"http:\/\/www.novatris.uha.fr\/wp-content\/uploads\/2020\/10\/IMG_9657-scaled.jpg\" alt=\"Galerie Journ\u00e9e NovaTris 2020\" width=\"320\" height=\"280\" \/><span class=\"su-custom-gallery-title\">Galerie Journ\u00e9e NovaTris 2020<\/span><\/a><\/div><div class=\"su-clear\"><\/div><\/div>\n<\/div><\/div>\n<div class=\"su-column su-column-size-1-2\"><div class=\"su-column-inner su-u-clearfix su-u-trim\">\n<div class=\"su-service\"><div class=\"su-service-title\" style=\"padding-left:46px;min-height:32px;line-height:32px\"><i class=\"sui sui-calendar\" style=\"font-size:32px;color:#333\"><\/i> Journ\u00e9es NovaTris 2019<\/div><div class=\"su-service-content su-u-clearfix su-u-trim\" style=\"padding-left:46px\"><strong>(Re)Penser l&rsquo;interculturalit\u00e9 ensemble<\/strong><br \/>\n<a href=\"http:\/\/www.novatris.uha.fr\/index.php\/journees-novatris-2019\/\" rel=\"noopener noreferrer\">En savoir plus &#8211; Journ\u00e9es NovaTris 2019<\/a><\/div><\/div>\n<div class=\"su-custom-gallery su-custom-gallery-align-left su-custom-gallery-title-hover su-lightbox-gallery\"><div class=\"su-custom-gallery-slide\" style=\"width:320px;height:264px\"><a href=\"http:\/\/www.novatris.uha.fr\/wp-content\/uploads\/2019\/11\/JNT20192.jpg\" target=\"_blank\" title=\"Journ\u00e9es NovaTris 2019\"><img loading=\"lazy\" decoding=\"async\" src=\"http:\/\/www.novatris.uha.fr\/wp-content\/uploads\/2019\/11\/JNT20192-320x264.jpg\" alt=\"Journ\u00e9es NovaTris 2019\" width=\"320\" height=\"264\" \/><span class=\"su-custom-gallery-title\">Journ\u00e9es NovaTris 2019<\/span><\/a><\/div><div class=\"su-clear\"><\/div><\/div>\n<\/div><\/div><\/div>\n<div class=\"su-row\"><div class=\"su-column su-column-size-1-2\"><div class=\"su-column-inner su-u-clearfix su-u-trim\">\n<div class=\"su-service\"><div class=\"su-service-title\" style=\"padding-left:46px;min-height:32px;line-height:32px\"><i class=\"sui sui-calendar\" style=\"font-size:32px;color:#333\"><\/i> Journ\u00e9es NovaTris 2018<\/div><div class=\"su-service-content su-u-clearfix su-u-trim\" style=\"padding-left:46px\"><strong>Osons l&rsquo;Universit\u00e9 sans fronti\u00e8res !<\/strong><br \/>\n<a href=\"http:\/\/www.novatris.uha.fr\/index.php\/journees-novatris-2018\/\" rel=\"noopener noreferrer\">En savoir plus &#8211; Journ\u00e9es NovaTris 2018<\/a><\/div><\/div>\n<div class=\"su-custom-gallery su-custom-gallery-align-left su-custom-gallery-title-hover su-lightbox-gallery\"><div class=\"su-custom-gallery-slide\" style=\"width:320px;height:264px\"><a href=\"http:\/\/www.novatris.uha.fr\/wp-content\/uploads\/2019\/11\/JNT20182.jpg\" target=\"_blank\" title=\"Journ\u00e9es NovaTris 2018\"><img loading=\"lazy\" decoding=\"async\" src=\"http:\/\/www.novatris.uha.fr\/wp-content\/uploads\/2019\/11\/JNT20182-320x264.jpg\" alt=\"Journ\u00e9es NovaTris 2018\" width=\"320\" height=\"264\" \/><span class=\"su-custom-gallery-title\">Journ\u00e9es NovaTris 2018<\/span><\/a><\/div><div class=\"su-clear\"><\/div><\/div>\n<\/div><\/div>\n<div class=\"su-column su-column-size-1-2\"><div class=\"su-column-inner su-u-clearfix su-u-trim\">\n<div class=\"su-service\"><div class=\"su-service-title\" style=\"padding-left:46px;min-height:32px;line-height:32px\"><i class=\"sui sui-calendar\" style=\"font-size:32px;color:#333\"><\/i> Journ\u00e9es NovaTris 2017<\/div><div class=\"su-service-content su-u-clearfix su-u-trim\" style=\"padding-left:46px\"><strong>Osons vivre le Rhin Sup\u00e9rieur !<\/strong><br \/>\n<a href=\"http:\/\/www.novatris.uha.fr\/index.php\/journees-novatris-2017\/\" rel=\"noopener noreferrer\">En savoir plus &#8211; Journ\u00e9es NovaTris 2017<\/a><\/div><\/div>\n<div class=\"su-custom-gallery su-custom-gallery-align-left su-custom-gallery-title-hover su-lightbox-gallery\"><div class=\"su-custom-gallery-slide\" style=\"width:320px;height:264px\"><a href=\"http:\/\/www.novatris.uha.fr\/wp-content\/uploads\/2019\/11\/JNT20172.jpg\" target=\"_blank\" title=\"Journ\u00e9es NovaTris 2017\"><img loading=\"lazy\" decoding=\"async\" src=\"http:\/\/www.novatris.uha.fr\/wp-content\/uploads\/2019\/11\/JNT20172-320x264.jpg\" alt=\"Journ\u00e9es NovaTris 2017\" width=\"320\" height=\"264\" \/><span class=\"su-custom-gallery-title\">Journ\u00e9es NovaTris 2017<\/span><\/a><\/div><div class=\"su-clear\"><\/div><\/div>\n<\/div><\/div>\n<\/div>\n<h2><strong>T\u00e9moignages<\/strong><\/h2>\n<div class=\"su-quote su-quote-style-default su-quote-has-cite\"><div class=\"su-quote-inner su-u-clearfix su-u-trim\">Venu aux Journ\u00e9es NovaTris en 2019, j&rsquo;y ai pass\u00e9 un tr\u00e8s bon moment, au fil d&rsquo;int\u00e9ressantes interventions et rencontres. Je garde \u00e9galement un excellent souvenir d&rsquo;un atelier m\u00e9morable, o\u00f9 apr\u00e8s avoir traduit un texte fran\u00e7ais en anglais (qui venait de l\u2019allemand), nous l&rsquo;avons jou\u00e9 dans le cadre d&rsquo;une improvisation avec mon groupe de travail. Au-del\u00e0 d&rsquo;un c\u00f4t\u00e9 ludique et improvis\u00e9 (ne le fait-on pas en cours ?), le travail autour de la traduction s&rsquo;est r\u00e9v\u00e9l\u00e9 tr\u00e8s instructif et m&rsquo;a m\u00eame permis de d\u00e9couvrir des choses sur la langue anglaise (oserais-je parler d\u2019interculturalit\u00e9 ?).<span class=\"su-quote-cite\">Fr\u00e9d\u00e9ric Drouhin, Vice-pr\u00e9sident d\u00e9l\u00e9gu\u00e9 Learning Center, IUT de Colmar, UHA<\/span><\/div><\/div>\n<div class=\"su-quote su-quote-style-default su-quote-has-cite\"><div class=\"su-quote-inner su-u-clearfix su-u-trim\">Les Journ\u00e9es NovaTris m&rsquo;ont permis de d\u00e9couvrir plusieurs m\u00e9thodes d&rsquo;apprentissage innovant en les testant moi-m\u00eame lors d&rsquo;ateliers. Je les ai r\u00e9utilis\u00e9es avec succ\u00e8s en compagnie de mes apprenants en langue \u00e9trang\u00e8re, qui sont souvent motiv\u00e9s pour compl\u00e9ter les cours d&rsquo;un exercice ludique. J&rsquo;ai par ailleurs trouv\u00e9 tr\u00e8s stimulante la profondeur des r\u00e9flexions et de l&rsquo;analyse des enseignants et des chercheurs de l&rsquo;UHA concernant la r\u00e9ception des pratiques innovantes par les apprenants.<span class=\"su-quote-cite\">Estelle Fromant, formatrice pour adultes et enseignante d'allemand, Strasbourg<\/span><\/div><\/div>\n","protected":false},"excerpt":{"rendered":"<p>Les Journ\u00e9es NovaTris sont organis\u00e9es chaque ann\u00e9e depuis 2013 \u00e0 l&rsquo;Universit\u00e9 de Haute-Alsace (UHA) et r\u00e9unissent un large public autour de th\u00e9matiques li\u00e9es \u00e0 l&rsquo;interculturalit\u00e9. Elles ont pour but de faire d\u00e9couvrir \u00e0 tous (\u00e9tudiants, alumnis, personnels des universit\u00e9s, monde \u00e9conomique et soci\u00e9t\u00e9 civile) les divers champs d&rsquo;action de NovaTris et de permettre des moments [&hellip;]<\/p>\n","protected":false},"author":1,"featured_media":247,"parent":29,"menu_order":0,"comment_status":"closed","ping_status":"closed","template":"","meta":{"footnotes":""},"class_list":["post-76","page","type-page","status-publish","has-post-thumbnail","hentry"],"yoast_head":"<!-- This site is optimized with the Yoast SEO plugin v24.8.1 - https:\/\/yoast.com\/wordpress\/plugins\/seo\/ -->\n<title>Journ\u00e9es NovaTris - NovaTris, centre de comp\u00e9tences transfrontali\u00e8res | Universit\u00e9 de Haute-Alsace<\/title>\n<meta name=\"robots\" content=\"index, follow, max-snippet:-1, max-image-preview:large, max-video-preview:-1\" \/>\n<link rel=\"canonical\" href=\"http:\/\/www.novatris.uha.fr\/index.php\/novatris\/journees-novatris\/\" \/>\n<meta property=\"og:locale\" content=\"fr_FR\" \/>\n<meta property=\"og:type\" content=\"article\" \/>\n<meta property=\"og:title\" content=\"Journ\u00e9es NovaTris - NovaTris, centre de comp\u00e9tences transfrontali\u00e8res | Universit\u00e9 de Haute-Alsace\" \/>\n<meta property=\"og:description\" content=\"Les Journ\u00e9es NovaTris sont organis\u00e9es chaque ann\u00e9e depuis 2013 \u00e0 l&rsquo;Universit\u00e9 de Haute-Alsace (UHA) et r\u00e9unissent un large public autour de th\u00e9matiques li\u00e9es \u00e0 l&rsquo;interculturalit\u00e9. Elles ont pour but de faire d\u00e9couvrir \u00e0 tous (\u00e9tudiants, alumnis, personnels des universit\u00e9s, monde \u00e9conomique et soci\u00e9t\u00e9 civile) les divers champs d&rsquo;action de NovaTris et de permettre des moments [&hellip;]\" \/>\n<meta property=\"og:url\" content=\"http:\/\/www.novatris.uha.fr\/index.php\/novatris\/journees-novatris\/\" \/>\n<meta property=\"og:site_name\" content=\"NovaTris, centre de comp\u00e9tences transfrontali\u00e8res | Universit\u00e9 de Haute-Alsace\" \/>\n<meta property=\"article:modified_time\" content=\"2022-10-13T11:36:58+00:00\" \/>\n<meta property=\"og:image\" content=\"http:\/\/www.novatris.uha.fr\/wp-content\/uploads\/2019\/08\/Actu_JNT.jpg\" \/>\n\t<meta property=\"og:image:width\" content=\"350\" \/>\n\t<meta property=\"og:image:height\" content=\"245\" \/>\n\t<meta property=\"og:image:type\" content=\"image\/jpeg\" \/>\n<meta name=\"twitter:card\" content=\"summary_large_image\" \/>\n<meta name=\"twitter:label1\" content=\"Dur\u00e9e de lecture estim\u00e9e\" \/>\n\t<meta name=\"twitter:data1\" content=\"3 minutes\" \/>\n<script type=\"application\/ld+json\" class=\"yoast-schema-graph\">{\"@context\":\"https:\/\/schema.org\",\"@graph\":[{\"@type\":\"WebPage\",\"@id\":\"http:\/\/www.novatris.uha.fr\/index.php\/novatris\/journees-novatris\/\",\"url\":\"http:\/\/www.novatris.uha.fr\/index.php\/novatris\/journees-novatris\/\",\"name\":\"Journ\u00e9es NovaTris - NovaTris, centre de comp\u00e9tences transfrontali\u00e8res | Universit\u00e9 de Haute-Alsace\",\"isPartOf\":{\"@id\":\"https:\/\/www.novatris.uha.fr\/#website\"},\"primaryImageOfPage\":{\"@id\":\"http:\/\/www.novatris.uha.fr\/index.php\/novatris\/journees-novatris\/#primaryimage\"},\"image\":{\"@id\":\"http:\/\/www.novatris.uha.fr\/index.php\/novatris\/journees-novatris\/#primaryimage\"},\"thumbnailUrl\":\"http:\/\/www.novatris.uha.fr\/wp-content\/uploads\/2019\/08\/Actu_JNT.jpg\",\"datePublished\":\"2019-08-20T07:17:02+00:00\",\"dateModified\":\"2022-10-13T11:36:58+00:00\",\"breadcrumb\":{\"@id\":\"http:\/\/www.novatris.uha.fr\/index.php\/novatris\/journees-novatris\/#breadcrumb\"},\"inLanguage\":\"fr-FR\",\"potentialAction\":[{\"@type\":\"ReadAction\",\"target\":[\"http:\/\/www.novatris.uha.fr\/index.php\/novatris\/journees-novatris\/\"]}]},{\"@type\":\"ImageObject\",\"inLanguage\":\"fr-FR\",\"@id\":\"http:\/\/www.novatris.uha.fr\/index.php\/novatris\/journees-novatris\/#primaryimage\",\"url\":\"http:\/\/www.novatris.uha.fr\/wp-content\/uploads\/2019\/08\/Actu_JNT.jpg\",\"contentUrl\":\"http:\/\/www.novatris.uha.fr\/wp-content\/uploads\/2019\/08\/Actu_JNT.jpg\",\"width\":350,\"height\":245,\"caption\":\"Journ\u00e9es NovaTris\"},{\"@type\":\"BreadcrumbList\",\"@id\":\"http:\/\/www.novatris.uha.fr\/index.php\/novatris\/journees-novatris\/#breadcrumb\",\"itemListElement\":[{\"@type\":\"ListItem\",\"position\":1,\"name\":\"Accueil\",\"item\":\"https:\/\/www.novatris.uha.fr\/\"},{\"@type\":\"ListItem\",\"position\":2,\"name\":\"NovaTris\",\"item\":\"https:\/\/www.novatris.uha.fr\/index.php\/novatris\/\"},{\"@type\":\"ListItem\",\"position\":3,\"name\":\"Journ\u00e9es NovaTris\"}]},{\"@type\":\"WebSite\",\"@id\":\"https:\/\/www.novatris.uha.fr\/#website\",\"url\":\"https:\/\/www.novatris.uha.fr\/\",\"name\":\"NovaTris, centre de comp\u00e9tences transfrontali\u00e8res | Universit\u00e9 de Haute-Alsace\",\"description\":\"Campus Illberg | Universit\u00e9 de Haute-Alsace\",\"potentialAction\":[{\"@type\":\"SearchAction\",\"target\":{\"@type\":\"EntryPoint\",\"urlTemplate\":\"https:\/\/www.novatris.uha.fr\/?s={search_term_string}\"},\"query-input\":{\"@type\":\"PropertyValueSpecification\",\"valueRequired\":true,\"valueName\":\"search_term_string\"}}],\"inLanguage\":\"fr-FR\"}]}<\/script>\n<!-- \/ Yoast SEO plugin. -->","yoast_head_json":{"title":"Journ\u00e9es NovaTris - NovaTris, centre de comp\u00e9tences transfrontali\u00e8res | Universit\u00e9 de Haute-Alsace","robots":{"index":"index","follow":"follow","max-snippet":"max-snippet:-1","max-image-preview":"max-image-preview:large","max-video-preview":"max-video-preview:-1"},"canonical":"http:\/\/www.novatris.uha.fr\/index.php\/novatris\/journees-novatris\/","og_locale":"fr_FR","og_type":"article","og_title":"Journ\u00e9es NovaTris - NovaTris, centre de comp\u00e9tences transfrontali\u00e8res | Universit\u00e9 de Haute-Alsace","og_description":"Les Journ\u00e9es NovaTris sont organis\u00e9es chaque ann\u00e9e depuis 2013 \u00e0 l&rsquo;Universit\u00e9 de Haute-Alsace (UHA) et r\u00e9unissent un large public autour de th\u00e9matiques li\u00e9es \u00e0 l&rsquo;interculturalit\u00e9. Elles ont pour but de faire d\u00e9couvrir \u00e0 tous (\u00e9tudiants, alumnis, personnels des universit\u00e9s, monde \u00e9conomique et soci\u00e9t\u00e9 civile) les divers champs d&rsquo;action de NovaTris et de permettre des moments [&hellip;]","og_url":"http:\/\/www.novatris.uha.fr\/index.php\/novatris\/journees-novatris\/","og_site_name":"NovaTris, centre de comp\u00e9tences transfrontali\u00e8res | Universit\u00e9 de Haute-Alsace","article_modified_time":"2022-10-13T11:36:58+00:00","og_image":[{"width":350,"height":245,"url":"http:\/\/www.novatris.uha.fr\/wp-content\/uploads\/2019\/08\/Actu_JNT.jpg","type":"image\/jpeg"}],"twitter_card":"summary_large_image","twitter_misc":{"Dur\u00e9e de lecture estim\u00e9e":"3 minutes"},"schema":{"@context":"https:\/\/schema.org","@graph":[{"@type":"WebPage","@id":"http:\/\/www.novatris.uha.fr\/index.php\/novatris\/journees-novatris\/","url":"http:\/\/www.novatris.uha.fr\/index.php\/novatris\/journees-novatris\/","name":"Journ\u00e9es NovaTris - NovaTris, centre de comp\u00e9tences transfrontali\u00e8res | Universit\u00e9 de Haute-Alsace","isPartOf":{"@id":"https:\/\/www.novatris.uha.fr\/#website"},"primaryImageOfPage":{"@id":"http:\/\/www.novatris.uha.fr\/index.php\/novatris\/journees-novatris\/#primaryimage"},"image":{"@id":"http:\/\/www.novatris.uha.fr\/index.php\/novatris\/journees-novatris\/#primaryimage"},"thumbnailUrl":"http:\/\/www.novatris.uha.fr\/wp-content\/uploads\/2019\/08\/Actu_JNT.jpg","datePublished":"2019-08-20T07:17:02+00:00","dateModified":"2022-10-13T11:36:58+00:00","breadcrumb":{"@id":"http:\/\/www.novatris.uha.fr\/index.php\/novatris\/journees-novatris\/#breadcrumb"},"inLanguage":"fr-FR","potentialAction":[{"@type":"ReadAction","target":["http:\/\/www.novatris.uha.fr\/index.php\/novatris\/journees-novatris\/"]}]},{"@type":"ImageObject","inLanguage":"fr-FR","@id":"http:\/\/www.novatris.uha.fr\/index.php\/novatris\/journees-novatris\/#primaryimage","url":"http:\/\/www.novatris.uha.fr\/wp-content\/uploads\/2019\/08\/Actu_JNT.jpg","contentUrl":"http:\/\/www.novatris.uha.fr\/wp-content\/uploads\/2019\/08\/Actu_JNT.jpg","width":350,"height":245,"caption":"Journ\u00e9es NovaTris"},{"@type":"BreadcrumbList","@id":"http:\/\/www.novatris.uha.fr\/index.php\/novatris\/journees-novatris\/#breadcrumb","itemListElement":[{"@type":"ListItem","position":1,"name":"Accueil","item":"https:\/\/www.novatris.uha.fr\/"},{"@type":"ListItem","position":2,"name":"NovaTris","item":"https:\/\/www.novatris.uha.fr\/index.php\/novatris\/"},{"@type":"ListItem","position":3,"name":"Journ\u00e9es NovaTris"}]},{"@type":"WebSite","@id":"https:\/\/www.novatris.uha.fr\/#website","url":"https:\/\/www.novatris.uha.fr\/","name":"NovaTris, centre de comp\u00e9tences transfrontali\u00e8res | Universit\u00e9 de Haute-Alsace","description":"Campus Illberg | Universit\u00e9 de Haute-Alsace","potentialAction":[{"@type":"SearchAction","target":{"@type":"EntryPoint","urlTemplate":"https:\/\/www.novatris.uha.fr\/?s={search_term_string}"},"query-input":{"@type":"PropertyValueSpecification","valueRequired":true,"valueName":"search_term_string"}}],"inLanguage":"fr-FR"}]}},"_links":{"self":[{"href":"http:\/\/www.novatris.uha.fr\/index.php\/wp-json\/wp\/v2\/pages\/76","targetHints":{"allow":["GET"]}}],"collection":[{"href":"http:\/\/www.novatris.uha.fr\/index.php\/wp-json\/wp\/v2\/pages"}],"about":[{"href":"http:\/\/www.novatris.uha.fr\/index.php\/wp-json\/wp\/v2\/types\/page"}],"author":[{"embeddable":true,"href":"http:\/\/www.novatris.uha.fr\/index.php\/wp-json\/wp\/v2\/users\/1"}],"replies":[{"embeddable":true,"href":"http:\/\/www.novatris.uha.fr\/index.php\/wp-json\/wp\/v2\/comments?post=76"}],"version-history":[{"count":62,"href":"http:\/\/www.novatris.uha.fr\/index.php\/wp-json\/wp\/v2\/pages\/76\/revisions"}],"predecessor-version":[{"id":8046,"href":"http:\/\/www.novatris.uha.fr\/index.php\/wp-json\/wp\/v2\/pages\/76\/revisions\/8046"}],"up":[{"embeddable":true,"href":"http:\/\/www.novatris.uha.fr\/index.php\/wp-json\/wp\/v2\/pages\/29"}],"wp:featuredmedia":[{"embeddable":true,"href":"http:\/\/www.novatris.uha.fr\/index.php\/wp-json\/wp\/v2\/media\/247"}],"wp:attachment":[{"href":"http:\/\/www.novatris.uha.fr\/index.php\/wp-json\/wp\/v2\/media?parent=76"}],"curies":[{"name":"wp","href":"https:\/\/api.w.org\/{rel}","templated":true}]}}