{"id":70,"date":"2019-08-20T09:14:56","date_gmt":"2019-08-20T07:14:56","guid":{"rendered":"http:\/\/www.novatris-dev.uha.fr\/?page_id=70"},"modified":"2022-03-30T09:28:56","modified_gmt":"2022-03-30T07:28:56","slug":"centre-de-competences-transfrontalieres","status":"publish","type":"page","link":"http:\/\/www.novatris.uha.fr\/index.php\/novatris\/centre-de-competences-transfrontalieres\/","title":{"rendered":"Centre de comp\u00e9tences transfrontali\u00e8res"},"content":{"rendered":"<p><a href=\"http:\/\/www.novatris.uha.fr\/wp-content\/uploads\/2019\/11\/Image-Centre-de-comp\u00e9tences-transfrontali\u00e8res.jpg\"><img loading=\"lazy\" decoding=\"async\" class=\"alignright wp-image-2021\" src=\"http:\/\/www.novatris.uha.fr\/wp-content\/uploads\/2019\/11\/Image-Centre-de-comp\u00e9tences-transfrontali\u00e8res-150x150.jpg\" alt=\"Image Centre de comp\u00e9tences transfrontali\u00e8res\" width=\"170\" height=\"220\" srcset=\"http:\/\/www.novatris.uha.fr\/wp-content\/uploads\/2019\/11\/Image-Centre-de-comp\u00e9tences-transfrontali\u00e8res-232x300.jpg 232w, http:\/\/www.novatris.uha.fr\/wp-content\/uploads\/2019\/11\/Image-Centre-de-comp\u00e9tences-transfrontali\u00e8res-792x1024.jpg 792w, http:\/\/www.novatris.uha.fr\/wp-content\/uploads\/2019\/11\/Image-Centre-de-comp\u00e9tences-transfrontali\u00e8res-768x994.jpg 768w, http:\/\/www.novatris.uha.fr\/wp-content\/uploads\/2019\/11\/Image-Centre-de-comp\u00e9tences-transfrontali\u00e8res-1187x1536.jpg 1187w, http:\/\/www.novatris.uha.fr\/wp-content\/uploads\/2019\/11\/Image-Centre-de-comp\u00e9tences-transfrontali\u00e8res.jpg 1583w\" sizes=\"auto, (max-width: 170px) 100vw, 170px\" \/><\/a>Le Centre de comp\u00e9tences transfrontali\u00e8res NovaTris (ANR-11-IDFI-0005) est un service de l\u2019<a href=\"http:\/\/www.uha.fr\/\" target=\"_blank\" rel=\"noopener noreferrer\">Universit\u00e9 de Haute-Alsace<\/a> (UHA), dont la mission est d&rsquo;innover dans le domaine du transfrontalier et de la formation en proposant des accompagnements interculturels. Il a \u00e9t\u00e9 fond\u00e9 en mars 2012 par le Pr. Serge Neunlist et Florence Duch\u00eane-Lacroix gr\u00e2ce au label <a href=\"https:\/\/idefi-anr-2019.fr\/\" target=\"_blank\" rel=\"noopener noreferrer\">Initiative d\u2019Excellence en Formations Innovantes<\/a> (IDEFI) de l\u2019<a href=\"http:\/\/www.novatris.uha.fr\/index.php\/novatris\/agence-nationale-de-la-recherche\/\">Agence Nationale de la Recherche<\/a> (ANR) dans le cadre des <a href=\"https:\/\/anr.fr\/fr\/investissements-davenir\/les-investissements-davenir\/\" target=\"_blank\" rel=\"noopener noreferrer\">Programmes d\u2019Investissements d\u2019Avenir<\/a>. Il est aujourd&rsquo;hui <strong>dirig\u00e9 par Vera Sauter en \u00e9troite collaboration avec Serge Neunlist.<\/strong><\/p>\n<h2>Osez d\u00e9passer les fronti\u00e8res<\/h2>\n<p><a href=\"http:\/\/www.novatris.uha.fr\/wp-content\/uploads\/2019\/11\/NovaTris.jpg\"><img loading=\"lazy\" decoding=\"async\" class=\"alignright wp-image-1518\" src=\"http:\/\/www.novatris.uha.fr\/wp-content\/uploads\/2019\/11\/NovaTris-300x169.jpg\" alt=\"Image NovaTris\" width=\"550\" height=\"309\" srcset=\"http:\/\/www.novatris.uha.fr\/wp-content\/uploads\/2019\/11\/NovaTris-300x169.jpg 300w, http:\/\/www.novatris.uha.fr\/wp-content\/uploads\/2019\/11\/NovaTris-1024x576.jpg 1024w, http:\/\/www.novatris.uha.fr\/wp-content\/uploads\/2019\/11\/NovaTris-768x432.jpg 768w, http:\/\/www.novatris.uha.fr\/wp-content\/uploads\/2019\/11\/NovaTris-1536x864.jpg 1536w, http:\/\/www.novatris.uha.fr\/wp-content\/uploads\/2019\/11\/NovaTris.jpg 2048w\" sizes=\"auto, (max-width: 550px) 100vw, 550px\" \/><\/a>La situation de l\u2019UHA, \u00e0 la rencontre de trois pays, langues et cultures, lui permet d\u2019\u00e9voluer dans une \u00e9conomie r\u00e9gionale au caract\u00e8re transfrontalier fort. NovaTris est donc un service transversal indispensable \u00e0 la poursuite de son int\u00e9gration dans le Rhin sup\u00e9rieur.<\/p>\n<p>NovaTris met en place diff\u00e9rentes formes de soutien destin\u00e9es aux \u00e9tudiants mais aussi aux personnels de l\u2019UHA pour favoriser la mobilit\u00e9 et la coop\u00e9ration transfrontali\u00e8re entre les \u00e9tablissements d\u2019enseignement du Rhin sup\u00e9rieur membres d&rsquo;<a href=\"http:\/\/www.novatris.uha.fr\/index.php\/contexte-europeen\/eucor-le-campus-europeen\/\">Eucor \u2013 Le Campus europ\u00e9en<\/a>. Le Centre met par ailleurs son exp\u00e9rience en mati\u00e8re d&rsquo;accompagnement interculturel \u00e0 profit dans le cadre du projet d\u2019Universit\u00e9 europ\u00e9enne <a href=\"http:\/\/www.novatris.uha.fr\/index.php\/contexte-europeen\/epicur\/\">EPICUR.<\/a> Laur\u00e9at en juillet 2019 de l&rsquo;appel \u00e0 projets pilotes d\u2019<a href=\"https:\/\/ec.europa.eu\/education\/education-in-the-eu\/european-education-area\/european-universities-initiative_en\" target=\"_blank\" rel=\"noopener noreferrer\">universit\u00e9s europ\u00e9ennes<\/a> lanc\u00e9 par la Commission Europ\u00e9enne dans le cadre du programme Erasmus+ Action cl\u00e9 2 : \u00ab\u00a0alliance de la connaissance\u00a0\u00bb , le projet r\u00e9unit l&rsquo;UHA et 7 autres universit\u00e9s europ\u00e9ennes.<\/p>\n<p>Le slogan du Centre de comp\u00e9tences &#8211; Osez d\u00e9passer les fronti\u00e8res ! &#8211; doit \u00eatre compris au sens large, ne se limitant pas qu\u2019aux fronti\u00e8res nationales mais s&rsquo;appliquant \u00e9galement aux fronti\u00e8res interpersonnelles, interprofessionnelles, interdisciplinaires, etc.<\/p>\n<div class=\"su-row\"><div class=\"su-column su-column-size-1-2\"><div class=\"su-column-inner su-u-clearfix su-u-trim\">\n<h2>Missions<\/h2>\n<p>Les activit\u00e9s d\u2019<a href=\"http:\/\/www.novatris.uha.fr\/index.php\/mobilites\/\">accompagnement \u00e0 la mobilit\u00e9<\/a>, d\u2019<a href=\"http:\/\/www.novatris.uha.fr\/index.php\/formation\/\">innovation p\u00e9dagogique<\/a>, de <a href=\"http:\/\/www.novatris.uha.fr\/index.php\/recherche\/\">recherche<\/a> et d&rsquo;<a href=\"http:\/\/www.novatris.uha.fr\/index.php\/appels-a-projets\/\">accompagnement de projets<\/a> de NovaTris visent \u00e0 promouvoir le d\u00e9veloppement de la comp\u00e9tence interculturelle devenue essentielle au XXI<sup>e<\/sup> si\u00e8cle pour se conna\u00eetre soi-m\u00eame et pour interagir avec l\u2019Autre.<\/p>\n<p>Le contexte transfrontalier encourage les apprenants \u00e0 exp\u00e9rimenter et d\u00e9velopper cette comp\u00e9tence au quotidien. Les formations propos\u00e9es conjuguent vivre ensemble, groupes binationaux ou trinationaux et contextes culturels diff\u00e9rents. Elles stimulent la participation active et soutiennent une approche transdisciplinaire.<\/p>\n<p>Le centre propose une large offre d\u2019accompagnement et de formation permettant aux apprenants, quelles que soient leur discipline de formation et leur exp\u00e9rience professionnelle et personnelle, d\u2019acqu\u00e9rir ou approfondir des comp\u00e9tences leur permettant d\u2019\u00e9voluer avec aisance dans un environnement transfrontalier. Son travail encourage la participation active et soutient une approche transdisciplinaire.<\/p>\n<\/div><\/div> <div class=\"su-column su-column-size-1-2\"><div class=\"su-column-inner su-u-clearfix su-u-trim\">\n<h2>Valeurs<\/h2>\n<p>Pour NovaTris, le savoir acad\u00e9mique doit \u00eatre accompagn\u00e9 de comp\u00e9tences pratiques de mise en \u0153uvre : travail en \u00e9quipes multiculturelles, gestion de la diversit\u00e9, organisation de r\u00e9unions internationales et transformation de conflits, etc.<\/p>\n<p>Afin d&rsquo;agir avec aisance dans un espace multiculturel, il est essentiel d\u2019avoir une bonne connaissance et compr\u00e9hension de soi et de l\u2019Autre. NovaTris consid\u00e8re la diversit\u00e9 des approches, contextes, outils et \u00e9changes comme une richesse permettant d\u2019ouvrir de vastes espaces de cr\u00e9ativit\u00e9 et de d\u00e9veloppement de comp\u00e9tences personnelles et professionnelles.<\/p>\n<p>L\u2019<a href=\"http:\/\/www.novatris.uha.fr\/index.php\/novatris\/equipe\/\">\u00e9quipe<\/a> et le <a href=\"http:\/\/www.novatris.uha.fr\/index.php\/novatris\/partenaires\/\">r\u00e9seau<\/a> de NovaTris sont compos\u00e9s d\u2019enseignants, de chercheurs, d\u2019apprenants, d\u2019acteurs \u00e9conomiques et sociaux partageant cette conviction. Le Centre m\u00e8ne une r\u00e9flexion (auto)critique et transdisciplinaire, dans le respect de la diversit\u00e9 des opinions et perspectives. Cette r\u00e9flexion reste ouverte aux remises en question et aux chemins divergents.<\/p>\n<\/div><\/div><\/div>\n<p>&nbsp;<\/p>\n<h2>Coordonn\u00e9es<\/h2>\n<p>Universit\u00e9 de Haute-Alsace, Maison de l\u2019\u00c9tudiant<br \/>\n1 rue Alfred Werner<br \/>\nF-68093 Mulhouse Cedex<\/p>\n<p>T\u00e9l : <a href=\"tel:+33389336133\">+33 (0)3 89 33 61 33<\/a><br \/>\nCourriel : <a href=\"mailto:novatris@uha.fr\">novatris@uha.fr<\/a><\/p>\n<p style=\"text-align: right;\">Cr\u00e9dit photo : Victoria Harster<\/p>\n","protected":false},"excerpt":{"rendered":"<p>Le Centre de comp\u00e9tences transfrontali\u00e8res NovaTris (ANR-11-IDFI-0005) est un service de l\u2019Universit\u00e9 de Haute-Alsace (UHA), dont la mission est d&rsquo;innover dans le domaine du transfrontalier et de la formation en proposant des accompagnements interculturels. Il a \u00e9t\u00e9 fond\u00e9 en mars 2012 par le Pr. Serge Neunlist et Florence Duch\u00eane-Lacroix gr\u00e2ce au label Initiative d\u2019Excellence en [&hellip;]<\/p>\n","protected":false},"author":1,"featured_media":0,"parent":29,"menu_order":0,"comment_status":"closed","ping_status":"closed","template":"","meta":{"footnotes":""},"class_list":["post-70","page","type-page","status-publish","hentry"],"yoast_head":"<!-- This site is optimized with the Yoast SEO plugin v24.8.1 - https:\/\/yoast.com\/wordpress\/plugins\/seo\/ -->\n<title>Centre de comp\u00e9tences transfrontali\u00e8res - NovaTris, centre de comp\u00e9tences transfrontali\u00e8res | Universit\u00e9 de Haute-Alsace<\/title>\n<meta name=\"robots\" content=\"index, follow, max-snippet:-1, max-image-preview:large, max-video-preview:-1\" \/>\n<link rel=\"canonical\" href=\"https:\/\/www.novatris.uha.fr\/index.php\/novatris\/centre-de-competences-transfrontalieres\/\" \/>\n<meta property=\"og:locale\" content=\"fr_FR\" \/>\n<meta property=\"og:type\" content=\"article\" \/>\n<meta property=\"og:title\" content=\"Centre de comp\u00e9tences transfrontali\u00e8res - NovaTris, centre de comp\u00e9tences transfrontali\u00e8res | Universit\u00e9 de Haute-Alsace\" \/>\n<meta property=\"og:description\" content=\"Le Centre de comp\u00e9tences transfrontali\u00e8res NovaTris (ANR-11-IDFI-0005) est un service de l\u2019Universit\u00e9 de Haute-Alsace (UHA), dont la mission est d&rsquo;innover dans le domaine du transfrontalier et de la formation en proposant des accompagnements interculturels. Il a \u00e9t\u00e9 fond\u00e9 en mars 2012 par le Pr. Serge Neunlist et Florence Duch\u00eane-Lacroix gr\u00e2ce au label Initiative d\u2019Excellence en [&hellip;]\" \/>\n<meta property=\"og:url\" content=\"https:\/\/www.novatris.uha.fr\/index.php\/novatris\/centre-de-competences-transfrontalieres\/\" \/>\n<meta property=\"og:site_name\" content=\"NovaTris, centre de comp\u00e9tences transfrontali\u00e8res | Universit\u00e9 de Haute-Alsace\" \/>\n<meta property=\"article:modified_time\" content=\"2022-03-30T07:28:56+00:00\" \/>\n<meta property=\"og:image\" content=\"http:\/\/www.novatris.uha.fr\/wp-content\/uploads\/2019\/11\/NovaTris-300x169.jpg\" \/>\n<meta name=\"twitter:card\" content=\"summary_large_image\" \/>\n<meta name=\"twitter:label1\" content=\"Dur\u00e9e de lecture estim\u00e9e\" \/>\n\t<meta name=\"twitter:data1\" content=\"3 minutes\" \/>\n<script type=\"application\/ld+json\" class=\"yoast-schema-graph\">{\"@context\":\"https:\/\/schema.org\",\"@graph\":[{\"@type\":\"WebPage\",\"@id\":\"https:\/\/www.novatris.uha.fr\/index.php\/novatris\/centre-de-competences-transfrontalieres\/\",\"url\":\"https:\/\/www.novatris.uha.fr\/index.php\/novatris\/centre-de-competences-transfrontalieres\/\",\"name\":\"Centre de comp\u00e9tences transfrontali\u00e8res - NovaTris, centre de comp\u00e9tences transfrontali\u00e8res | Universit\u00e9 de Haute-Alsace\",\"isPartOf\":{\"@id\":\"http:\/\/www.novatris.uha.fr\/#website\"},\"primaryImageOfPage\":{\"@id\":\"https:\/\/www.novatris.uha.fr\/index.php\/novatris\/centre-de-competences-transfrontalieres\/#primaryimage\"},\"image\":{\"@id\":\"https:\/\/www.novatris.uha.fr\/index.php\/novatris\/centre-de-competences-transfrontalieres\/#primaryimage\"},\"thumbnailUrl\":\"http:\/\/www.novatris.uha.fr\/wp-content\/uploads\/2019\/11\/NovaTris-300x169.jpg\",\"datePublished\":\"2019-08-20T07:14:56+00:00\",\"dateModified\":\"2022-03-30T07:28:56+00:00\",\"breadcrumb\":{\"@id\":\"https:\/\/www.novatris.uha.fr\/index.php\/novatris\/centre-de-competences-transfrontalieres\/#breadcrumb\"},\"inLanguage\":\"fr-FR\",\"potentialAction\":[{\"@type\":\"ReadAction\",\"target\":[\"https:\/\/www.novatris.uha.fr\/index.php\/novatris\/centre-de-competences-transfrontalieres\/\"]}]},{\"@type\":\"ImageObject\",\"inLanguage\":\"fr-FR\",\"@id\":\"https:\/\/www.novatris.uha.fr\/index.php\/novatris\/centre-de-competences-transfrontalieres\/#primaryimage\",\"url\":\"http:\/\/www.novatris.uha.fr\/wp-content\/uploads\/2019\/11\/NovaTris-300x169.jpg\",\"contentUrl\":\"http:\/\/www.novatris.uha.fr\/wp-content\/uploads\/2019\/11\/NovaTris-300x169.jpg\"},{\"@type\":\"BreadcrumbList\",\"@id\":\"https:\/\/www.novatris.uha.fr\/index.php\/novatris\/centre-de-competences-transfrontalieres\/#breadcrumb\",\"itemListElement\":[{\"@type\":\"ListItem\",\"position\":1,\"name\":\"Accueil\",\"item\":\"http:\/\/www.novatris.uha.fr\/\"},{\"@type\":\"ListItem\",\"position\":2,\"name\":\"NovaTris\",\"item\":\"https:\/\/www.novatris.uha.fr\/index.php\/novatris\/\"},{\"@type\":\"ListItem\",\"position\":3,\"name\":\"Centre de comp\u00e9tences transfrontali\u00e8res\"}]},{\"@type\":\"WebSite\",\"@id\":\"http:\/\/www.novatris.uha.fr\/#website\",\"url\":\"http:\/\/www.novatris.uha.fr\/\",\"name\":\"NovaTris, centre de comp\u00e9tences transfrontali\u00e8res | Universit\u00e9 de Haute-Alsace\",\"description\":\"Campus Illberg | Universit\u00e9 de Haute-Alsace\",\"potentialAction\":[{\"@type\":\"SearchAction\",\"target\":{\"@type\":\"EntryPoint\",\"urlTemplate\":\"http:\/\/www.novatris.uha.fr\/?s={search_term_string}\"},\"query-input\":{\"@type\":\"PropertyValueSpecification\",\"valueRequired\":true,\"valueName\":\"search_term_string\"}}],\"inLanguage\":\"fr-FR\"}]}<\/script>\n<!-- \/ Yoast SEO plugin. -->","yoast_head_json":{"title":"Centre de comp\u00e9tences transfrontali\u00e8res - NovaTris, centre de comp\u00e9tences transfrontali\u00e8res | Universit\u00e9 de Haute-Alsace","robots":{"index":"index","follow":"follow","max-snippet":"max-snippet:-1","max-image-preview":"max-image-preview:large","max-video-preview":"max-video-preview:-1"},"canonical":"https:\/\/www.novatris.uha.fr\/index.php\/novatris\/centre-de-competences-transfrontalieres\/","og_locale":"fr_FR","og_type":"article","og_title":"Centre de comp\u00e9tences transfrontali\u00e8res - NovaTris, centre de comp\u00e9tences transfrontali\u00e8res | Universit\u00e9 de Haute-Alsace","og_description":"Le Centre de comp\u00e9tences transfrontali\u00e8res NovaTris (ANR-11-IDFI-0005) est un service de l\u2019Universit\u00e9 de Haute-Alsace (UHA), dont la mission est d&rsquo;innover dans le domaine du transfrontalier et de la formation en proposant des accompagnements interculturels. Il a \u00e9t\u00e9 fond\u00e9 en mars 2012 par le Pr. Serge Neunlist et Florence Duch\u00eane-Lacroix gr\u00e2ce au label Initiative d\u2019Excellence en [&hellip;]","og_url":"https:\/\/www.novatris.uha.fr\/index.php\/novatris\/centre-de-competences-transfrontalieres\/","og_site_name":"NovaTris, centre de comp\u00e9tences transfrontali\u00e8res | Universit\u00e9 de Haute-Alsace","article_modified_time":"2022-03-30T07:28:56+00:00","og_image":[{"url":"http:\/\/www.novatris.uha.fr\/wp-content\/uploads\/2019\/11\/NovaTris-300x169.jpg","type":"","width":"","height":""}],"twitter_card":"summary_large_image","twitter_misc":{"Dur\u00e9e de lecture estim\u00e9e":"3 minutes"},"schema":{"@context":"https:\/\/schema.org","@graph":[{"@type":"WebPage","@id":"https:\/\/www.novatris.uha.fr\/index.php\/novatris\/centre-de-competences-transfrontalieres\/","url":"https:\/\/www.novatris.uha.fr\/index.php\/novatris\/centre-de-competences-transfrontalieres\/","name":"Centre de comp\u00e9tences transfrontali\u00e8res - NovaTris, centre de comp\u00e9tences transfrontali\u00e8res | Universit\u00e9 de Haute-Alsace","isPartOf":{"@id":"http:\/\/www.novatris.uha.fr\/#website"},"primaryImageOfPage":{"@id":"https:\/\/www.novatris.uha.fr\/index.php\/novatris\/centre-de-competences-transfrontalieres\/#primaryimage"},"image":{"@id":"https:\/\/www.novatris.uha.fr\/index.php\/novatris\/centre-de-competences-transfrontalieres\/#primaryimage"},"thumbnailUrl":"http:\/\/www.novatris.uha.fr\/wp-content\/uploads\/2019\/11\/NovaTris-300x169.jpg","datePublished":"2019-08-20T07:14:56+00:00","dateModified":"2022-03-30T07:28:56+00:00","breadcrumb":{"@id":"https:\/\/www.novatris.uha.fr\/index.php\/novatris\/centre-de-competences-transfrontalieres\/#breadcrumb"},"inLanguage":"fr-FR","potentialAction":[{"@type":"ReadAction","target":["https:\/\/www.novatris.uha.fr\/index.php\/novatris\/centre-de-competences-transfrontalieres\/"]}]},{"@type":"ImageObject","inLanguage":"fr-FR","@id":"https:\/\/www.novatris.uha.fr\/index.php\/novatris\/centre-de-competences-transfrontalieres\/#primaryimage","url":"http:\/\/www.novatris.uha.fr\/wp-content\/uploads\/2019\/11\/NovaTris-300x169.jpg","contentUrl":"http:\/\/www.novatris.uha.fr\/wp-content\/uploads\/2019\/11\/NovaTris-300x169.jpg"},{"@type":"BreadcrumbList","@id":"https:\/\/www.novatris.uha.fr\/index.php\/novatris\/centre-de-competences-transfrontalieres\/#breadcrumb","itemListElement":[{"@type":"ListItem","position":1,"name":"Accueil","item":"http:\/\/www.novatris.uha.fr\/"},{"@type":"ListItem","position":2,"name":"NovaTris","item":"https:\/\/www.novatris.uha.fr\/index.php\/novatris\/"},{"@type":"ListItem","position":3,"name":"Centre de comp\u00e9tences transfrontali\u00e8res"}]},{"@type":"WebSite","@id":"http:\/\/www.novatris.uha.fr\/#website","url":"http:\/\/www.novatris.uha.fr\/","name":"NovaTris, centre de comp\u00e9tences transfrontali\u00e8res | Universit\u00e9 de Haute-Alsace","description":"Campus Illberg | Universit\u00e9 de Haute-Alsace","potentialAction":[{"@type":"SearchAction","target":{"@type":"EntryPoint","urlTemplate":"http:\/\/www.novatris.uha.fr\/?s={search_term_string}"},"query-input":{"@type":"PropertyValueSpecification","valueRequired":true,"valueName":"search_term_string"}}],"inLanguage":"fr-FR"}]}},"_links":{"self":[{"href":"http:\/\/www.novatris.uha.fr\/index.php\/wp-json\/wp\/v2\/pages\/70","targetHints":{"allow":["GET"]}}],"collection":[{"href":"http:\/\/www.novatris.uha.fr\/index.php\/wp-json\/wp\/v2\/pages"}],"about":[{"href":"http:\/\/www.novatris.uha.fr\/index.php\/wp-json\/wp\/v2\/types\/page"}],"author":[{"embeddable":true,"href":"http:\/\/www.novatris.uha.fr\/index.php\/wp-json\/wp\/v2\/users\/1"}],"replies":[{"embeddable":true,"href":"http:\/\/www.novatris.uha.fr\/index.php\/wp-json\/wp\/v2\/comments?post=70"}],"version-history":[{"count":100,"href":"http:\/\/www.novatris.uha.fr\/index.php\/wp-json\/wp\/v2\/pages\/70\/revisions"}],"predecessor-version":[{"id":7092,"href":"http:\/\/www.novatris.uha.fr\/index.php\/wp-json\/wp\/v2\/pages\/70\/revisions\/7092"}],"up":[{"embeddable":true,"href":"http:\/\/www.novatris.uha.fr\/index.php\/wp-json\/wp\/v2\/pages\/29"}],"wp:attachment":[{"href":"http:\/\/www.novatris.uha.fr\/index.php\/wp-json\/wp\/v2\/media?parent=70"}],"curies":[{"name":"wp","href":"https:\/\/api.w.org\/{rel}","templated":true}]}}