{"id":112,"date":"2019-08-20T09:27:12","date_gmt":"2019-08-20T07:27:12","guid":{"rendered":"http:\/\/www.novatris-dev.uha.fr\/?page_id=112"},"modified":"2022-10-19T17:11:10","modified_gmt":"2022-10-19T15:11:10","slug":"tandem-a-luha","status":"publish","type":"page","link":"http:\/\/www.novatris.uha.fr\/index.php\/formation\/tandem-a-luha\/","title":{"rendered":"Tandem \u00e0 l&rsquo;UHA"},"content":{"rendered":"<h2><\/h2>\n<p>NovaTris, le Centre de comp\u00e9tences transfrontali\u00e8res de l\u2019<a href=\"http:\/\/www.uha.fr\/\" target=\"_blank\" rel=\"noopener noreferrer\">Universit\u00e9 de Haute-Alsace<\/a> (UHA), offre la possibilit\u00e9 \u00e0 tous les \u00e9tudiants et \u00e0 tous les personnels de l\u2019UHA d\u2019<strong>am\u00e9liorer leur connaissance d&rsquo;une langue \u00e9trang\u00e8re gr\u00e2ce au Tandem<\/strong>. Ce concept d\u2019apprentissage en autonomie est bas\u00e9 sur le principe de l\u2019\u00e9change mutuel de savoirs.<\/p>\n<h2>Comment \u00e7a marche ?<\/h2>\n<h2><\/h2>\n<p>Le tandem est une <strong>m\u00e9thode d\u2019apprentissage des langues<\/strong> qui permet \u00e0 deux personnes de langues maternelles diff\u00e9rentes de communiquer et apprendre la langue de l\u2019autre. Cette m\u00e9thode <strong>gratuite<\/strong> se base sur <strong>deux grands principes : l\u2019autonomie et la r\u00e9ciprocit\u00e9<\/strong>. Chaque apprenant est responsable de son propre processus d\u2019apprentissage et de celui de son partenaire linguistique. Chacun exprime ses besoins, fixe ses objectifs et d\u00e9termine sa m\u00e9thode de travail tout en apportant son savoir-faire et son expertise linguistique dans sa langue maternelle.<\/p>\n<h2>Accompagnement propos\u00e9<\/h2>\n<div class=\"su-row\"><div class=\"su-column su-column-size-1-2\"><div class=\"su-column-inner su-u-clearfix su-u-trim\">\n<p>En pratique :<\/p>\n<div class=\"su-list\" style=\"margin-left:0px\">\n<ul>\n<li><i class=\"sui sui-caret-right\" style=\"color:#333\"><\/i> Enregistrement des inscriptions<\/li>\n<li><i class=\"sui sui-caret-right\" style=\"color:#333\"><\/i> Formation de bin\u00f4mes linguistiques<\/li>\n<li><i class=\"sui sui-caret-right\" style=\"color:#333\"><\/i> Organisation d&rsquo;\u00e9v\u00e9nements<\/li>\n<\/ul>\n<\/div>\n<p>D&rsquo;un point de vue p\u00e9dagogique :<\/p>\n<div class=\"su-list\" style=\"margin-left:0px\">\n<ul>\n<li><i class=\"sui sui-caret-right\" style=\"color:#333\"><\/i> se fixer des objectifs adapt\u00e9s et r\u00e9alistes<\/li>\n<li><i class=\"sui sui-caret-right\" style=\"color:#333\"><\/i> s&rsquo;auto-\u00e9valuer au fil de leur apprentissage<\/li>\n<li><i class=\"sui sui-caret-right\" style=\"color:#333\"><\/i> d\u00e9velopper des id\u00e9es d&rsquo;activit\u00e9s adapt\u00e9es<\/li>\n<li><i class=\"sui sui-caret-right\" style=\"color:#333\"><\/i> formaliser son processus d&rsquo;apprentissage<\/li>\n<\/ul>\n<\/div>\n<\/div><\/div>\n<div class=\"su-column su-column-size-1-2\"><div class=\"su-column-inner su-u-clearfix su-u-trim\">\n<h2><a href=\"http:\/\/www.novatris.uha.fr\/wp-content\/uploads\/2019\/10\/IMG_0963-1.jpg\"><img loading=\"lazy\" decoding=\"async\" class=\"alignright wp-image-1122\" src=\"http:\/\/www.novatris.uha.fr\/wp-content\/uploads\/2019\/10\/IMG_0963-1-300x169.jpg\" alt=\"Caf\u00e9_Tandem\" width=\"900\" height=\"506\" srcset=\"http:\/\/www.novatris.uha.fr\/wp-content\/uploads\/2019\/10\/IMG_0963-1-300x169.jpg 300w, http:\/\/www.novatris.uha.fr\/wp-content\/uploads\/2019\/10\/IMG_0963-1-768x432.jpg 768w, http:\/\/www.novatris.uha.fr\/wp-content\/uploads\/2019\/10\/IMG_0963-1-1024x576.jpg 1024w\" sizes=\"auto, (max-width: 900px) 100vw, 900px\" \/><\/a><\/h2>\n<\/div><\/div><\/div>\n<h2>Qui peut participer ?<\/h2>\n<p>Tous<strong> les \u00e9tudiants et les personnels de l\u2019UHA<\/strong>, ainsi que toute <strong>personne externe<\/strong> souhaitant am\u00e9liorer ses connaissances et sa pratique d\u2019une ou plusieurs langues \u00e9trang\u00e8res. Un <strong>niveau minimum A2\/B1<\/strong> est toutefois requis pour d\u00e9buter un tandem.<\/p>\n<p>Pour s&rsquo;<strong>inscrire, demander des renseignements ou prendre un rendez-vous individuel d&rsquo;accompagnement<\/strong>, il suffit d&rsquo;\u00e9crire un courriel \u00e0 l&rsquo;adresse <a href=\"mailto:tandem.lc@uha.fr\">tandem.lc@uha.fr<\/a>.<\/p>\n<h2><strong>T\u00e9moignages<\/strong><\/h2>\n<div class=\"su-quote su-quote-style-default su-quote-has-cite\"><div class=\"su-quote-inner su-u-clearfix su-u-trim\">Souhaitant am\u00e9liorer mon allemand ou en tout cas assurer mon niveau acquis, je me suis tourn\u00e9 vers NovaTris afin de trouver un partenaire tandem. Une visite d\u2019\u00e9tudiants de Freiburg en mai 2019 avait permis d\u2019organiser un atelier franco-allemand qui m&rsquo;a amen\u00e9 \u00e0 faire la connaissance d&rsquo;une \u00e9tudiante fribourgeoise avec qui j\u2019ai entam\u00e9 mon apprentissage en tandem. Le cadre de formation propos\u00e9 par NovaTris nous permet de b\u00e9n\u00e9ficier de supports de travail et de nous guider en cas de besoin. Ma partenaire tandem et moi nous aidons par exemple mutuellement \u00e0 corriger des documents et nous restons ouverts aux demandes de l\u2019autre. Nous faisons le trajet quelques fois par an afin de nous rendre visite en alternant France et Allemagne. Je suis ravi de b\u00e9n\u00e9ficier d\u2019un tandem flexible et reposant sur la confiance mutuelle.<span class=\"su-quote-cite\">R\u00e9mi Colin, \u00e9tudiant en cursus d'Ing\u00e9nieur sp\u00e9cialit\u00e9 M\u00e9canique, Universit\u00e9 de Haute-Alsace<\/span><\/div><\/div>\n<div class=\"su-quote su-quote-style-default su-quote-has-cite\"><div class=\"su-quote-inner su-u-clearfix su-u-trim\">Je trouve les Caf\u00e9s Tandem tr\u00e8s bien, c&rsquo;est un super moment pour se poser tranquillement et simplement parler la langue que l&rsquo;on souhaite avec d&rsquo;autres, sans aucun jugement. Gr\u00e2ce \u00e0 NovaTris je suis aussi en tandem avec une fille allemande qui m&rsquo;aide dans mes devoirs et me corrige mes fautes. C&rsquo;est un \u00e9change des deux c\u00f4t\u00e9s et une bonne opportunit\u00e9 de pouvoir communiquer : \u00e7a m&rsquo;aide \u00e0 progresser !<span class=\"su-quote-cite\">Adeline Buffet, \u00e9tudiante en Licence d'allemand, Universit\u00e9 de Haute-Alsace<\/span><\/div><\/div>\n<div class=\"su-quote su-quote-style-default su-quote-has-cite\"><div class=\"su-quote-inner su-u-clearfix su-u-trim\">Le eCaf\u00e9 Tandem organis\u00e9 par l&rsquo;UHA m&rsquo;a permis de rencontrer des personnes partageant la m\u00eame volont\u00e9 d&rsquo;apprendre ou de perfectionner une langue \u00e9trang\u00e8re avec des motivations finales diff\u00e9rentes. Avec ma partenaire de tandem, nous avons partag\u00e9 nos objectifs et les raisons pour lesquelles nous voulons apprendre la langue de l&rsquo;autre. Malgr\u00e9 la situation sanitaire, nous allons essayer de faire une visio par semaine pour profiter au maximum de cette dynamique linguistique. Nous faisons actuellement des s\u00e9ances scind\u00e9es en plusieurs parties, certaines germanophones, d&rsquo;autres francophones, afin que chacun de nous travaille son expression et sa compr\u00e9hension orales. Les mots et phrases compliqu\u00e9s sont \u00e9crits dans le chat pour faciliter la compr\u00e9hension. Pauline n&rsquo;a pas les m\u00eames besoins et objectifs que moi alors en proc\u00e9dant de cette fa\u00e7on nous pourrons progresser plus rapidement. Et pendant les eCaf\u00e9s, organis\u00e9s une fois par mois, nous ferons les exercices et jeux propos\u00e9s.<span class=\"su-quote-cite\">Lucas Bahin, doctorant au Laboratoire de Physique et M\u00e9canique Textiles (LPMT), Universit\u00e9 de Haute-Alsace<\/span><\/div><\/div>\n<p>&nbsp;<\/p>\n<p style=\"text-align: center;\"><div class=\"su-custom-gallery su-custom-gallery-align-left su-custom-gallery-title-hover su-lightbox-gallery\"><div class=\"su-custom-gallery-slide\" style=\"width:180px;height:150px\"><a href=\"http:\/\/www.novatris.uha.fr\/wp-content\/uploads\/2019\/08\/Actu_Tandem.jpg\" target=\"_blank\" title=\"Caf\u00e9 Tandem\"><img loading=\"lazy\" decoding=\"async\" src=\"http:\/\/www.novatris.uha.fr\/wp-content\/uploads\/2019\/08\/Actu_Tandem-180x150.jpg\" alt=\"Caf\u00e9 Tandem\" width=\"180\" height=\"150\" \/><span class=\"su-custom-gallery-title\">Caf\u00e9 Tandem<\/span><\/a><\/div><div class=\"su-custom-gallery-slide\" style=\"width:180px;height:150px\"><a href=\"http:\/\/www.novatris.uha.fr\/wp-content\/uploads\/2019\/10\/IMG_0951-min.jpg\" target=\"_blank\" title=\"Cartes Tandem\"><img loading=\"lazy\" decoding=\"async\" src=\"http:\/\/www.novatris.uha.fr\/wp-content\/uploads\/2019\/10\/IMG_0951-min-180x150.jpg\" alt=\"Cartes Tandem\" width=\"180\" height=\"150\" \/><span class=\"su-custom-gallery-title\">Cartes Tandem<\/span><\/a><\/div><div class=\"su-custom-gallery-slide\" style=\"width:180px;height:150px\"><a href=\"http:\/\/www.novatris.uha.fr\/wp-content\/uploads\/2019\/10\/IMG_0965.jpg\" target=\"_blank\" title=\"Caf\u00e9 Tandem\"><img loading=\"lazy\" decoding=\"async\" src=\"http:\/\/www.novatris.uha.fr\/wp-content\/uploads\/2019\/10\/IMG_0965-180x150.jpg\" alt=\"Caf\u00e9 Tandem\" width=\"180\" height=\"150\" \/><span class=\"su-custom-gallery-title\">Caf\u00e9 Tandem<\/span><\/a><\/div><div class=\"su-custom-gallery-slide\" style=\"width:180px;height:150px\"><a href=\"http:\/\/www.novatris.uha.fr\/wp-content\/uploads\/2019\/10\/IMG_1918.jpg\" target=\"_blank\" title=\"Rencontre Tandem Groupe\"><img loading=\"lazy\" decoding=\"async\" src=\"http:\/\/www.novatris.uha.fr\/wp-content\/uploads\/2019\/10\/IMG_1918-180x150.jpg\" alt=\"Rencontre Tandem Groupe\" width=\"180\" height=\"150\" \/><span class=\"su-custom-gallery-title\">Rencontre Tandem Groupe<\/span><\/a><\/div><div class=\"su-custom-gallery-slide\" style=\"width:180px;height:150px\"><a href=\"http:\/\/www.novatris.uha.fr\/wp-content\/uploads\/2019\/10\/IMG_1833.jpg\" target=\"_blank\" title=\"Rencontre Tandem Atelier\"><img loading=\"lazy\" decoding=\"async\" src=\"http:\/\/www.novatris.uha.fr\/wp-content\/uploads\/2019\/10\/IMG_1833-180x150.jpg\" alt=\"Rencontre Tandem Atelier\" width=\"180\" height=\"150\" \/><span class=\"su-custom-gallery-title\">Rencontre Tandem Atelier<\/span><\/a><\/div><div class=\"su-clear\"><\/div><\/div>\n","protected":false},"excerpt":{"rendered":"<p>NovaTris, le Centre de comp\u00e9tences transfrontali\u00e8res de l\u2019Universit\u00e9 de Haute-Alsace (UHA), offre la possibilit\u00e9 \u00e0 tous les \u00e9tudiants et \u00e0 tous les personnels de l\u2019UHA d\u2019am\u00e9liorer leur connaissance d&rsquo;une langue \u00e9trang\u00e8re gr\u00e2ce au Tandem. Ce concept d\u2019apprentissage en autonomie est bas\u00e9 sur le principe de l\u2019\u00e9change mutuel de savoirs. Comment \u00e7a marche ? Le tandem [&hellip;]<\/p>\n","protected":false},"author":1,"featured_media":248,"parent":35,"menu_order":0,"comment_status":"closed","ping_status":"closed","template":"","meta":{"footnotes":""},"class_list":["post-112","page","type-page","status-publish","has-post-thumbnail","hentry"],"yoast_head":"<!-- This site is optimized with the Yoast SEO plugin v24.8.1 - https:\/\/yoast.com\/wordpress\/plugins\/seo\/ -->\n<title>Tandem \u00e0 l&#039;UHA - NovaTris, centre de comp\u00e9tences transfrontali\u00e8res | Universit\u00e9 de Haute-Alsace<\/title>\n<meta name=\"robots\" content=\"index, follow, max-snippet:-1, max-image-preview:large, max-video-preview:-1\" \/>\n<link rel=\"canonical\" href=\"https:\/\/www.novatris.uha.fr\/index.php\/formation\/tandem-a-luha\/\" \/>\n<meta property=\"og:locale\" content=\"fr_FR\" \/>\n<meta property=\"og:type\" content=\"article\" \/>\n<meta property=\"og:title\" content=\"Tandem \u00e0 l&#039;UHA - NovaTris, centre de comp\u00e9tences transfrontali\u00e8res | Universit\u00e9 de Haute-Alsace\" \/>\n<meta property=\"og:description\" content=\"NovaTris, le Centre de comp\u00e9tences transfrontali\u00e8res de l\u2019Universit\u00e9 de Haute-Alsace (UHA), offre la possibilit\u00e9 \u00e0 tous les \u00e9tudiants et \u00e0 tous les personnels de l\u2019UHA d\u2019am\u00e9liorer leur connaissance d&rsquo;une langue \u00e9trang\u00e8re gr\u00e2ce au Tandem. Ce concept d\u2019apprentissage en autonomie est bas\u00e9 sur le principe de l\u2019\u00e9change mutuel de savoirs. Comment \u00e7a marche ? Le tandem [&hellip;]\" \/>\n<meta property=\"og:url\" content=\"https:\/\/www.novatris.uha.fr\/index.php\/formation\/tandem-a-luha\/\" \/>\n<meta property=\"og:site_name\" content=\"NovaTris, centre de comp\u00e9tences transfrontali\u00e8res | Universit\u00e9 de Haute-Alsace\" \/>\n<meta property=\"article:modified_time\" content=\"2022-10-19T15:11:10+00:00\" \/>\n<meta property=\"og:image\" content=\"https:\/\/www.novatris.uha.fr\/wp-content\/uploads\/2019\/08\/Actu_Tandem.jpg\" \/>\n\t<meta property=\"og:image:width\" content=\"350\" \/>\n\t<meta property=\"og:image:height\" content=\"245\" \/>\n\t<meta property=\"og:image:type\" content=\"image\/jpeg\" \/>\n<meta name=\"twitter:card\" content=\"summary_large_image\" \/>\n<meta name=\"twitter:label1\" content=\"Dur\u00e9e de lecture estim\u00e9e\" \/>\n\t<meta name=\"twitter:data1\" content=\"4 minutes\" \/>\n<script type=\"application\/ld+json\" class=\"yoast-schema-graph\">{\"@context\":\"https:\/\/schema.org\",\"@graph\":[{\"@type\":\"WebPage\",\"@id\":\"https:\/\/www.novatris.uha.fr\/index.php\/formation\/tandem-a-luha\/\",\"url\":\"https:\/\/www.novatris.uha.fr\/index.php\/formation\/tandem-a-luha\/\",\"name\":\"Tandem \u00e0 l'UHA - NovaTris, centre de comp\u00e9tences transfrontali\u00e8res | Universit\u00e9 de Haute-Alsace\",\"isPartOf\":{\"@id\":\"http:\/\/www.novatris.uha.fr\/#website\"},\"primaryImageOfPage\":{\"@id\":\"https:\/\/www.novatris.uha.fr\/index.php\/formation\/tandem-a-luha\/#primaryimage\"},\"image\":{\"@id\":\"https:\/\/www.novatris.uha.fr\/index.php\/formation\/tandem-a-luha\/#primaryimage\"},\"thumbnailUrl\":\"http:\/\/www.novatris.uha.fr\/wp-content\/uploads\/2019\/08\/Actu_Tandem.jpg\",\"datePublished\":\"2019-08-20T07:27:12+00:00\",\"dateModified\":\"2022-10-19T15:11:10+00:00\",\"breadcrumb\":{\"@id\":\"https:\/\/www.novatris.uha.fr\/index.php\/formation\/tandem-a-luha\/#breadcrumb\"},\"inLanguage\":\"fr-FR\",\"potentialAction\":[{\"@type\":\"ReadAction\",\"target\":[\"https:\/\/www.novatris.uha.fr\/index.php\/formation\/tandem-a-luha\/\"]}]},{\"@type\":\"ImageObject\",\"inLanguage\":\"fr-FR\",\"@id\":\"https:\/\/www.novatris.uha.fr\/index.php\/formation\/tandem-a-luha\/#primaryimage\",\"url\":\"http:\/\/www.novatris.uha.fr\/wp-content\/uploads\/2019\/08\/Actu_Tandem.jpg\",\"contentUrl\":\"http:\/\/www.novatris.uha.fr\/wp-content\/uploads\/2019\/08\/Actu_Tandem.jpg\",\"width\":350,\"height\":245,\"caption\":\"Tandem\"},{\"@type\":\"BreadcrumbList\",\"@id\":\"https:\/\/www.novatris.uha.fr\/index.php\/formation\/tandem-a-luha\/#breadcrumb\",\"itemListElement\":[{\"@type\":\"ListItem\",\"position\":1,\"name\":\"Accueil\",\"item\":\"http:\/\/www.novatris.uha.fr\/\"},{\"@type\":\"ListItem\",\"position\":2,\"name\":\"Formation\",\"item\":\"https:\/\/www.novatris.uha.fr\/index.php\/formation\/\"},{\"@type\":\"ListItem\",\"position\":3,\"name\":\"Tandem \u00e0 l&rsquo;UHA\"}]},{\"@type\":\"WebSite\",\"@id\":\"http:\/\/www.novatris.uha.fr\/#website\",\"url\":\"http:\/\/www.novatris.uha.fr\/\",\"name\":\"NovaTris, centre de comp\u00e9tences transfrontali\u00e8res | Universit\u00e9 de Haute-Alsace\",\"description\":\"Campus Illberg | Universit\u00e9 de Haute-Alsace\",\"potentialAction\":[{\"@type\":\"SearchAction\",\"target\":{\"@type\":\"EntryPoint\",\"urlTemplate\":\"http:\/\/www.novatris.uha.fr\/?s={search_term_string}\"},\"query-input\":{\"@type\":\"PropertyValueSpecification\",\"valueRequired\":true,\"valueName\":\"search_term_string\"}}],\"inLanguage\":\"fr-FR\"}]}<\/script>\n<!-- \/ Yoast SEO plugin. -->","yoast_head_json":{"title":"Tandem \u00e0 l'UHA - NovaTris, centre de comp\u00e9tences transfrontali\u00e8res | Universit\u00e9 de Haute-Alsace","robots":{"index":"index","follow":"follow","max-snippet":"max-snippet:-1","max-image-preview":"max-image-preview:large","max-video-preview":"max-video-preview:-1"},"canonical":"https:\/\/www.novatris.uha.fr\/index.php\/formation\/tandem-a-luha\/","og_locale":"fr_FR","og_type":"article","og_title":"Tandem \u00e0 l'UHA - NovaTris, centre de comp\u00e9tences transfrontali\u00e8res | Universit\u00e9 de Haute-Alsace","og_description":"NovaTris, le Centre de comp\u00e9tences transfrontali\u00e8res de l\u2019Universit\u00e9 de Haute-Alsace (UHA), offre la possibilit\u00e9 \u00e0 tous les \u00e9tudiants et \u00e0 tous les personnels de l\u2019UHA d\u2019am\u00e9liorer leur connaissance d&rsquo;une langue \u00e9trang\u00e8re gr\u00e2ce au Tandem. Ce concept d\u2019apprentissage en autonomie est bas\u00e9 sur le principe de l\u2019\u00e9change mutuel de savoirs. Comment \u00e7a marche ? Le tandem [&hellip;]","og_url":"https:\/\/www.novatris.uha.fr\/index.php\/formation\/tandem-a-luha\/","og_site_name":"NovaTris, centre de comp\u00e9tences transfrontali\u00e8res | Universit\u00e9 de Haute-Alsace","article_modified_time":"2022-10-19T15:11:10+00:00","og_image":[{"width":350,"height":245,"url":"https:\/\/www.novatris.uha.fr\/wp-content\/uploads\/2019\/08\/Actu_Tandem.jpg","type":"image\/jpeg"}],"twitter_card":"summary_large_image","twitter_misc":{"Dur\u00e9e de lecture estim\u00e9e":"4 minutes"},"schema":{"@context":"https:\/\/schema.org","@graph":[{"@type":"WebPage","@id":"https:\/\/www.novatris.uha.fr\/index.php\/formation\/tandem-a-luha\/","url":"https:\/\/www.novatris.uha.fr\/index.php\/formation\/tandem-a-luha\/","name":"Tandem \u00e0 l'UHA - NovaTris, centre de comp\u00e9tences transfrontali\u00e8res | Universit\u00e9 de Haute-Alsace","isPartOf":{"@id":"http:\/\/www.novatris.uha.fr\/#website"},"primaryImageOfPage":{"@id":"https:\/\/www.novatris.uha.fr\/index.php\/formation\/tandem-a-luha\/#primaryimage"},"image":{"@id":"https:\/\/www.novatris.uha.fr\/index.php\/formation\/tandem-a-luha\/#primaryimage"},"thumbnailUrl":"http:\/\/www.novatris.uha.fr\/wp-content\/uploads\/2019\/08\/Actu_Tandem.jpg","datePublished":"2019-08-20T07:27:12+00:00","dateModified":"2022-10-19T15:11:10+00:00","breadcrumb":{"@id":"https:\/\/www.novatris.uha.fr\/index.php\/formation\/tandem-a-luha\/#breadcrumb"},"inLanguage":"fr-FR","potentialAction":[{"@type":"ReadAction","target":["https:\/\/www.novatris.uha.fr\/index.php\/formation\/tandem-a-luha\/"]}]},{"@type":"ImageObject","inLanguage":"fr-FR","@id":"https:\/\/www.novatris.uha.fr\/index.php\/formation\/tandem-a-luha\/#primaryimage","url":"http:\/\/www.novatris.uha.fr\/wp-content\/uploads\/2019\/08\/Actu_Tandem.jpg","contentUrl":"http:\/\/www.novatris.uha.fr\/wp-content\/uploads\/2019\/08\/Actu_Tandem.jpg","width":350,"height":245,"caption":"Tandem"},{"@type":"BreadcrumbList","@id":"https:\/\/www.novatris.uha.fr\/index.php\/formation\/tandem-a-luha\/#breadcrumb","itemListElement":[{"@type":"ListItem","position":1,"name":"Accueil","item":"http:\/\/www.novatris.uha.fr\/"},{"@type":"ListItem","position":2,"name":"Formation","item":"https:\/\/www.novatris.uha.fr\/index.php\/formation\/"},{"@type":"ListItem","position":3,"name":"Tandem \u00e0 l&rsquo;UHA"}]},{"@type":"WebSite","@id":"http:\/\/www.novatris.uha.fr\/#website","url":"http:\/\/www.novatris.uha.fr\/","name":"NovaTris, centre de comp\u00e9tences transfrontali\u00e8res | Universit\u00e9 de Haute-Alsace","description":"Campus Illberg | Universit\u00e9 de Haute-Alsace","potentialAction":[{"@type":"SearchAction","target":{"@type":"EntryPoint","urlTemplate":"http:\/\/www.novatris.uha.fr\/?s={search_term_string}"},"query-input":{"@type":"PropertyValueSpecification","valueRequired":true,"valueName":"search_term_string"}}],"inLanguage":"fr-FR"}]}},"_links":{"self":[{"href":"http:\/\/www.novatris.uha.fr\/index.php\/wp-json\/wp\/v2\/pages\/112","targetHints":{"allow":["GET"]}}],"collection":[{"href":"http:\/\/www.novatris.uha.fr\/index.php\/wp-json\/wp\/v2\/pages"}],"about":[{"href":"http:\/\/www.novatris.uha.fr\/index.php\/wp-json\/wp\/v2\/types\/page"}],"author":[{"embeddable":true,"href":"http:\/\/www.novatris.uha.fr\/index.php\/wp-json\/wp\/v2\/users\/1"}],"replies":[{"embeddable":true,"href":"http:\/\/www.novatris.uha.fr\/index.php\/wp-json\/wp\/v2\/comments?post=112"}],"version-history":[{"count":108,"href":"http:\/\/www.novatris.uha.fr\/index.php\/wp-json\/wp\/v2\/pages\/112\/revisions"}],"predecessor-version":[{"id":8058,"href":"http:\/\/www.novatris.uha.fr\/index.php\/wp-json\/wp\/v2\/pages\/112\/revisions\/8058"}],"up":[{"embeddable":true,"href":"http:\/\/www.novatris.uha.fr\/index.php\/wp-json\/wp\/v2\/pages\/35"}],"wp:featuredmedia":[{"embeddable":true,"href":"http:\/\/www.novatris.uha.fr\/index.php\/wp-json\/wp\/v2\/media\/248"}],"wp:attachment":[{"href":"http:\/\/www.novatris.uha.fr\/index.php\/wp-json\/wp\/v2\/media?parent=112"}],"curies":[{"name":"wp","href":"https:\/\/api.w.org\/{rel}","templated":true}]}}